List the prime factors of w(d).
2, 3, 7
Suppose 5*r + x + 3*x + 12 = 0, 3*r - 2*x - 6 = 0. Suppose r = 36*z - 44*z + 2384. List the prime factors of z.
2, 149
List the prime factors of 3 - (-266298)/36 - 1/6.
2, 5, 37
Suppose 36 - 16 = 5*c. Suppose 105 = c*x - 4*l - 243, -3*l - 83 = -x. Suppose j - x = b, -3*b + 6*b = -j + 109. What are the prime factors of j?
2, 47
Let h(q) = 60*q**2 + 16*q - 19. Let x be h(6). Let l = -1553 + x. What are the prime factors of l?
2, 3, 19
Let m(d) = 4270*d - 5952. What are the prime factors of m(11)?
2, 20509
Let s(o) = 77*o - 22. Let n(z) = -68*z + 22. Let b(x) = -5*n(x) - 4*s(x). Let k be 4/(((-4)/(-2))/2). List the prime factors of b(k).
2, 53
Let k be (-1)/1 + (13 - 2). Let y(s) = s**2 - 1. Let b(j) = j**3 - 12*j**2 - 9*j + 7. Let d(q) = b(q) + 3*y(q). List the prime factors of d(k).
2, 7
Let q(f) = 5*f**3 + f**2 - 15*f + 6. Let z be (-3)/(-6)*-6 - 7*-1. What are the prime factors of q(z)?
2, 3, 47
Suppose -5*g + 12*g = 21. Suppose -13*z - 1080 = -g*z. Let o = 224 + z. What are the prime factors of o?
2, 29
Let y be ((-72)/30)/((-18)/30). Suppose 4*h = -2*p + 716, 0*h - y*p = -4*h + 704. What are the prime factors of h?
2, 89
Let z be 6/((54/60)/(-3)). What are the prime factors of ((-1398)/(-5))/(z/(-50))?
3, 233
Let x be (-1742)/(-65) + ((-4)/(-5))/4. Suppose -x*t = -24*t - 2784. What are the prime factors of t?
2, 29
Let a = 6958 - -33195. What are the prime factors of a?
40153
Suppose 0 = 967*s - 959*s - 6320. List the prime factors of s.
2, 5, 79
Let s = -3465 - -5090. What are the prime factors of s?
5, 13
Suppose 0 = 3*d - 2*s - 42 + 12, 0 = -d - 5*s + 27. Suppose -73*a + 12 = -71*a. What are the prime factors of 12*a/(-9)*(-258)/d?
2, 43
Let k(m) = m**2 + m + 27. Let p be k(11). Suppose 5*o = 4*r + 4303, 5*o - p - 4138 = r. List the prime factors of o.
859
Let u = -8102 + 13590. What are the prime factors of u?
2, 7
Let f be -563*((-14)/7)/(-2). Let n = f - -1065. List the prime factors of n.
2, 251
Let t = -19308 + 44144. What are the prime factors of t?
2, 7, 887
Suppose 14536 = 2*n + 4*v, 0 = -4*v - 8. What are the prime factors of n?
2, 3, 101
Let z be (104/(-16))/((-3)/6). Suppose -z*i = 6*i - 247. List the prime factors of i.
13
Let v = 128 + -126. Suppose g - 3*g = 3*w - 828, v*g = 4*w + 842. What are the prime factors of g?
3, 139
Let x = 172 - 115. Suppose 160 = b + x. List the prime factors of b.
103
Let f(l) = 46*l**2 - 3. Let o be (0/2)/(-4 - -8). Suppose 6*r - r - 10 = o. List the prime factors of f(r).
181
Let s(i) = -74 - 40 - 129 + 79*i. List the prime factors of s(9).
2, 3, 13
Suppose -14*k + 9389 + 1311 = 11*k. List the prime factors of k.
2, 107
Let l be 1*-1 + 468/12. Suppose 115 = g - l. Let i = g + -71. List the prime factors of i.
2, 41
Let r(l) = -146*l**3 - 133*l - 528. List the prime factors of r(-4).
2, 3, 19, 41
What are the prime factors of -40876*6/(-7) - 140/(-1715)*-7?
2, 19, 461
Let l = 46 + -42. Let c(y) = -2*y**2 + 3*y + 3*y**2 - l + 2*y - 3. What are the prime factors of c(-12)?
7, 11
Let b(c) = -11*c**3 + 205 - 5*c - 215 + c**2 - 8*c. List the prime factors of b(-3).
5, 67
Suppose 4*n + 4*z - 760 = 0, 0*z - 932 = -5*n + 4*z. Suppose 2*d + 84 = -n. Let s = 190 + d. What are the prime factors of s?
2, 3
Suppose -31*x = 3*v - 35*x - 70294, -3*x + 23440 = v. List the prime factors of v.
2, 11717
Let c be ((-3)/5*-5)/1. Suppose -6*g + 3*g + 477 = c*t, -5*g = -5*t - 745. List the prime factors of g.
2, 7, 11
Suppose -5*y = 6*i - 2*i, 3*y + 4*i = 0. Let x(r) = -3*r - 3. Let t be x(-2). Suppose -t*v + 163 + 269 = y. List the prime factors of v.
2, 3
Suppose -3*f - 2*i - 178 + 1353 = 0, 5*i - 5 = 0. Let o = -174 + f. Suppose o + 223 = 8*x. List the prime factors of x.
5, 11
Suppose -2*d - 75 = 863. List the prime factors of -4*d/28 + -7.
2, 3, 5
Let m(x) = x**2 - 5*x + 4. Let c(p) = -p + 1. Let k(u) = -6*c(u) - m(u). Suppose v + 0 = -3*z + 12, 0 = -2*z + v + 8. List the prime factors of k(z).
2, 3
Suppose -7*t - 3395 = -51338. List the prime factors of t.
3, 761
Suppose -53*p - 43687 + 222325 = -60392. List the prime factors of p.
2, 5, 11, 41
Let u = -64 + 112. Let c be (-16)/u + 1/3. Suppose c = 5*b + y - 226, -94 = -2*b - 4*y - 0. What are the prime factors of b?
3, 5
Let k(l) = -2*l**2 - 6*l - 12. Let h(u) = -u. Let v(g) = 4*h(g) - k(g). Let t be v(-9). Suppose 4*o = 2*o + t. List the prime factors of o.
2, 3, 13
Let f(o) = 172*o - 965. What are the prime factors of f(42)?
11, 569
Suppose 8*a - 3*a - 50 = 0. Suppose -a*d + 7*d - 3 = 0. List the prime factors of -12 + 11 + (114 - d).
2, 3, 19
Let m(h) = -12*h - 4*h**2 + 14*h**2 - 23 + 3*h**2 + 17. List the prime factors of m(-5).
379
Suppose 13*t - 7*t = 2370. Let m = t + -201. What are the prime factors of m?
2, 97
Let v(l) be the first derivative of 7*l**2/2 - 23*l - 91. List the prime factors of v(4).
5
Suppose d - 2*t - t - 3239 = 0, -2*d = 3*t - 6460. List the prime factors of d.
53, 61
Suppose -v + 4*w = -23601, 3*v + 2*w - 26975 = 43772. List the prime factors of v.
5, 53, 89
Suppose 0 = -175*s + 203*s - 400428. What are the prime factors of s?
3, 7, 227
Let a(k) = -3*k - 8 + 7 + 109*k. Suppose 2*s + 0*s = -3*z + 11, -5*z = 5*s - 20. What are the prime factors of a(s)?
3, 5, 7
Let c(k) = -5*k + 6 + 8*k**2 - 12*k - 16 - 6. What are the prime factors of c(-6)?
2, 11, 17
Suppose -u - 4*d + 29626 = -25223, 54870 = u + d. List the prime factors of u.
54877
Let t(v) = v**2 - 21*v - 19. Let o(d) = -3*d**2 + 63*d + 57. Let a(s) = 6*o(s) + 17*t(s). What are the prime factors of a(16)?
3, 11
Suppose -459490 = -28*y + 1664926. List the prime factors of y.
2, 2371
Suppose -7 = u + 5*d - 60, -5*d = 4*u - 242. What are the prime factors of (-4)/(-18) + 9940/u?
2, 79
Let d = -4529 + 10733. List the prime factors of d.
2, 3, 11, 47
Let y(w) = 19*w**2 - 33*w + 12. Let g(r) = 10*r**2 - 16*r + 6. Let n(t) = -11*g(t) + 6*y(t). What are the prime factors of n(7)?
2, 3
Let p(m) = -23*m**3 - m**2 + 7. Suppose -6*x = -3*c - 15, 0 = -4*c + c - 4*x - 5. What are the prime factors of p(c)?
619
List the prime factors of (-181002)/(-9)*51/34.
97, 311
List the prime factors of -1*(-1 + -4 - -1) - (-311 - 2).
317
Let v = 3288 - -10665. List the prime factors of v.
3, 4651
Let z(u) = 10*u - 99. Let v be z(10). List the prime factors of (-774)/(-3)*v + -7.
251
Let l be 3/(-18) + (-70609)/66. Let q = -396 - l. List the prime factors of q.
2, 337
Let f(y) = y**2 + 10*y - 7. Let q be f(-7). Let h = 29 + q. Let k = h - -91. What are the prime factors of k?
2, 23
Let y = -30 + 93. Suppose 0 = -y*z + 68*z + 245. What are the prime factors of (-42)/(-4)*(-420)/z?
2, 3, 5
Let b(s) = -4*s + 6. Let u = 20 - 18. Let z be 247/(-26) + 1/u. What are the prime factors of b(z)?
2, 3, 7
Let l(d) = 1490*d + 27452. List the prime factors of l(0).
2, 6863
Suppose -b - w + 15 = 2*b, -2*b - 4 = -4*w. Let d be (4 - (3 - 1))*(-6)/(-4). Suppose 2 = -a + d, 0 = 4*x + b*a - 696. List the prime factors of x.
173
Let m = -223 - -1205. List the prime factors of 2 + 4 + m + 8 + -3.
3, 331
Let m = -171 - -476. Suppose -138*v = 7143 + 11487. Let b = m + v. What are the prime factors of b?
2, 5, 17
Suppose 2491*n - 2502*n = -14586. What are the prime factors of n?
2, 3, 13, 17
Suppose 2*c - 432 = -5*l + l, 2*c + 2*l = 432. Let m be c/(-42)*70/(-4). Suppose 2*b = -22 + m. What are the prime factors of b?
2, 17
Let y(w) = 2*w**3 + 8*w**2 - 3*w + 2. Let c be y(-4). Let k(b) = b**3 - 13*b**2 - 16*b + 17. Let l be k(c). What are the prime factors of 2/l - (-3800)/88?
43
Suppose -39 = 2*t - 3*f + 13, 2*t - 4*f + 56 = 0. Let d be 29/(3 + t/8). Suppose -d = 4*i - 278. What are the prime factors of i?
5, 11
Let y = -623 + 629. Let r(z) = 2*z**2 - 3*z - 2. Let n be r(2). Suppose n = 2*v - p - 240, v - 129 = -y*p + 2*p. List the prime factors of v.
11
Suppose -5*k - 3*n = -28, k + 1 - 10 = -4*n. Suppose 71*u - 8871 = 18961. Suppose 3*o + k*t - 294 = 0, 4*o = -0*t + 4*t + u. List the prime factors of o.
2, 7
Let y(r) = -6*r**2 - 18 + r**3 - 5*r - r**3 - 2*r**3. Let s(f) = 2*f**3 - 5*f**2 - 18*f - 5. Let b be s(-2). What are the prime factors of y(b)?
107
Suppose -3*j - 3536 = -5*b, 2080 = 3*b + 3*j - 56. What are the prime factors of b?
709
Let m(z) = -z + 10 + 2 + 38*z + 2*z**2 - 5.